se -10 = 3*j - 8*j. Suppose 5*i - 4*g + 56 = -2*g, -i = -5*g + j. What is the units digit of b(i)?
7
Suppose 0 = 2*t - 6, 0 = 2*x + 2*x - 5*t + 11. Suppose 5*g - 4 = x. What is the units digit of g?
1
Let a = 40 + -24. Let b be a/(-9) - 16/72. What is the units digit of (8/b)/(16/(-104))?
6
Suppose -4*z - d + 1817 = 0, -2*z = -0*d - 5*d - 903. What is the units digit of z?
4
Let x be -2 + 0*5/(-25). What is the tens digit of (-14)/35 + x/((-10)/327)?
6
Suppose -4*s + u + 16 = -21, -2*s + 2*u + 26 = 0. Suppose -s = -g + 26. What is the units digit of ((-4)/8)/((-1)/g)?
7
Let n = 20 - 18. Let x be 2 - (0 + 0) - -31. Suppose -o = -n*o + x. What is the tens digit of o?
3
Suppose 0 = -3*i + 2*y + 46, -4 + 14 = -2*y. What is the tens digit of i?
1
Let w(a) = -a. Suppose -4*c + 9*c + 15 = 0. Let r be w(c). Suppose r*l - 5*y = 16, -3*l + 2*y = -l - 16. What is the units digit of l?
2
Suppose 3*o = s + 63, -3*s + 37 = 5*o - 54. Suppose o = -5*v, -3*v - 6 = 2*k - 0*v. What is the units digit of k?
3
Let z be 296 + (-5)/(1/1). Suppose 5*r - 4*r + 192 = 2*n, 3*n - 3*r = z. What is the tens digit of n?
9
Let k(o) = -3*o**3 + 2*o - 1. Let a be k(1). Let w = a - -4. Suppose 0 = -0*x - w*x + 30. What is the tens digit of x?
1
Let h = -86 - -104. Let z = 4 - -6. Let b = h + z. What is the tens digit of b?
2
Let m(k) = 17*k + 107. What is the hundreds digit of m(21)?
4
Let b(k) = k**2 - 4*k + 3. Let p be -2 - (-7 - (-1 + -1)). Let c be b(p). Suppose c*r + 5*f = 5*r - 20, -3*r + 4*f + 10 = 0. What is the units digit of r?
6
Let i(w) = 2*w - 26. Let v be i(12). What is the units digit of (-20)/5 + (-480)/(-1 + v)?
6
Suppose -7 = -5*h + 4*h. Let r = 11 - h. Suppose -z - 2*w + 12 = 2*w, -3*z = r*w - 60. What is the units digit of z?
4
Let s(f) = 14*f + 6. Suppose -2*k + 4*v = 0, 2*v + 15 = k + 5*v. Let z be s(k). Suppose 0 = -7*r + 2*r + z. What is the units digit of r?
8
Let w(i) = 2*i + 28. Let l be w(-14). Suppose 21*f - 18*f - 12 = l. What is the units digit of f?
4
Let i(w) = -15*w**3 - 2*w**2 - 2*w + 5. What is the hundreds digit of i(-5)?
8
Let s = -295 - -1549. What is the thousands digit of s?
1
Suppose 2*j = -q + 7644, 19105 = 5*j - 0*q + 5*q. What is the hundreds digit of j?
8
Let y be ((-11)/5)/(3 - (-80)/(-25)). What is the tens digit of (2 - (4 + -1))/(y/(-1067))?
9
Let f(m) = -40*m - 38. What is the hundreds digit of f(-4)?
1
Let r(i) = 2*i + 12. Let s be r(-5). What is the units digit of (-4)/(-12)*-3 + (s - -187)?
8
Let d be (21 - (-2 + 0)) + -4. Let h = d - 32. Let w = h - -51. What is the tens digit of w?
3
Let g(o) = -3*o + 5. Let f be g(4). What is the tens digit of 3/7 - -2*(-303)/f?
8
Let u(m) = 15*m - 8. Let c be u(-7). What is the hundreds digit of 2 - c - 1 - 4?
1
Suppose -b + 0*b = 2*t - 22, -4*b - 2 = -2*t. Let p = 16 + t. What is the units digit of p?
5
What is the units digit of (-2611)/(-9) - 2/18?
0
Suppose 0 = -5*a - c + 158, 4 = 3*c - 5. Let m = a + 21. Let d = m - 32. What is the tens digit of d?
2
Suppose -2144 = -13*r + 9*r. Suppose -5*l = -9*l + r. What is the units digit of l?
4
Let u = -18 - -26. Suppose -5*m - 4*v = -503, 0 = u*m - 4*m + 2*v - 406. Suppose 2*f - m = 1. What is the tens digit of f?
5
Let b be 703/8 + 4/32. What is the units digit of b + (-6 - (2 - 4))?
4
Suppose 2*k + 5*u = 1, 0*k = 3*k - 5*u - 14. What is the tens digit of 2/k*(-276)/(-8)?
2
Let i(p) = 5*p - p**2 - 2*p - 5*p + 0*p**2 + 25. What is the tens digit of i(0)?
2
Let s(g) be the second derivative of g**5/20 - g**4/4 - g**3/2 - 2*g**2 + 5*g. Let m be s(4). Let z(p) = -p**2 + 24. What is the units digit of z(m)?
4
Suppose 0 = -10*p + 7*p + 72. Let h = -19 + p. Suppose l - 71 - 132 = -5*t, l + 207 = h*t. What is the tens digit of t?
4
Suppose -10*f - 4 = -9*f. What is the tens digit of (-42)/f*84/49?
1
Let g = -4 - -6. Let i be 4/8 - (-57)/g. Suppose 41 = 5*y - i. What is the units digit of y?
4
Let u = 9 - 19. Let s = -234 - -226. What is the units digit of ((-204)/2)/(u - s)?
1
Suppose 0 = -4*p - 8*k + 4*k + 1168, 0 = -p - 3*k + 282. What is the tens digit of p?
9
Let w(i) = 2*i**3 - 2*i**2 - 2*i - 1. Let a be w(3). Suppose -3*q + 22 = -2*s, -3*q - 4*s + a = s. Let x = q + 4. What is the units digit of x?
2
Let x(q) be the first derivative of q**4/4 - 5*q**3/3 + 3*q**2 + 6*q + 23. Suppose 2*r + 3*r = 25. What is the units digit of x(r)?
6
Let q(t) = t + 16. Let r be q(-14). Suppose 5*h - 39 = -r*j + 7, -4*j = -3*h - 40. Let n = j + 3. What is the units digit of n?
6
Suppose -m + 142 = -258. Suppose 3*a - m = -5*a. What is the tens digit of a?
5
Let o = -37 - -37. Let f = o + 12. What is the tens digit of f?
1
Suppose -19*y + 1947 = -1663. What is the units digit of y?
0
Let f(q) = q**2 - 10*q + 12. Let z be f(8). What is the hundreds digit of 1208/11 + z/(-22)?
1
Suppose 2*v - 298 = -4*t, 2*v - 85 = -t + 5*v. Let x = 150 - t. What is the tens digit of x?
7
Suppose 0 = 9*f - 7*f - 4, -476 = -2*b - 3*f. What is the hundreds digit of b?
2
Suppose n + n = 5*g - 12, 3*n = -g - 1. Let q(o) = 11 + 3 - o - 7 - 4. What is the units digit of q(g)?
1
Suppose 0*o - 5*o + 3*v = -88, -2*v = 5*o - 108. Let w = o + -9. What is the units digit of w?
1
Let b(q) = 20*q + 9. Let x(a) = 60*a + 26. Let f(s) = 8*b(s) - 3*x(s). What is the tens digit of f(-4)?
7
Let g = 8 + -2. Suppose -3*m + 2*c + 8 = 3*c, 0 = -m - c + g. What is the units digit of m?
1
Suppose 0*q + q - 736 = -2*t, 3*q + 5*t = 2206. What is the units digit of q?
2
Suppose 41*q - 23*q = 25272. What is the tens digit of q?
0
Let g = 4970 + -2622. Let t be (-3)/6 - 73/(-2). What is the tens digit of (-8)/t - g/(-36)?
6
Suppose 2 = -k, 4*q - 4*k - 1592 - 2976 = 0. What is the units digit of q?
0
Let g be (-16)/(-32) - 42/(-4). Let y(n) = 0*n**2 + 5*n**2 - 6*n**2 + 2 - 12 - g*n. What is the units digit of y(-8)?
4
What is the units digit of ((-21)/7 + 176)*5?
5
Let w be ((-33)/(-6) - -4)*-2. Let s = 77 + w. What is the tens digit of s?
5
Suppose -2*s - 6265 = -7*s. What is the tens digit of s?
5
Let l(h) = h**3 - h**2 + h - 2. Let w be l(2). Suppose 2*n = -0*n + w. Suppose -n*k = -27 - 15. What is the units digit of k?
1
Suppose k = j + 7, j - 5*k + 35 = 12. What is the tens digit of (-2651)/(-33) + 4/j?
7
Let c = 102 + -184. Let v = c - -154. Suppose -3*j + v = 18. What is the units digit of j?
8
Let v(q) = -5*q + 1 + 13*q**2 + 3*q + 32*q**2 + 18*q**2. What is the units digit of v(1)?
2
Let c(h) = 3*h - 29. Let b be ((-84)/(-30))/(2/(-5)). Let j be (-21)/(-6)*(-24)/b. What is the units digit of c(j)?
7
Suppose 0 = 6*y - 35 - 1399. What is the hundreds digit of y?
2
What is the units digit of ((-870)/(-4) + 4)/(3/6)?
3
Suppose 19*b = -33*b + 264888. What is the thousands digit of b?
5
What is the units digit of (6/(18/(-17)))/(3/(-126))?
8
Let r = -306 - -292. Suppose 3*c - 26 = -0*c - 2*d, 4*c = -3*d + 36. Let y = c - r. What is the tens digit of y?
2
Suppose -3*d + 4*y = -2*d - 127, -5*y = 5. What is the hundreds digit of d?
1
What is the hundreds digit of (1 + -4)/(10/((-23980)/6))?
1
Let z(c) = 29*c**2 + 17*c - 172. What is the tens digit of z(7)?
6
Suppose -7*j + 23 + 75 = 0. Let o = j - -22. What is the units digit of o?
6
Let g(h) = 4*h**3 - 4*h**2 + 5. What is the tens digit of g(5)?
0
Suppose 3*q - 14 = 154. Let w = 90 - q. What is the tens digit of w?
3
Let c = -22 + -17. Let q = -25 - c. What is the units digit of q?
4
Let b(q) = 81*q + 4. Let o be b(8). Suppose o = 3*c - i, 0 = 3*c - c + 2*i - 448. What is the tens digit of c?
1
Suppose -4*a - 19 = -2*z - 1, 0 = -5*z + 4*a + 63. Suppose 4*l = -5*c + 306, -5*l - z = 4*c - 258. What is the units digit of c?
2
What is the hundreds digit of 660 - (6/8 + (-39)/52)?
6
Let i(m) = -4*m**2 + 6*m + 13. Let b(v) = -3*v**2 + 10 + 3 + 23*v - 18*v. Let n(g) = 5*b(g) - 4*i(g). What is the units digit of n(0)?
3
Suppose 8379 = 7*z + 2233. What is the units digit of z?
8
Let r be 68/((-4)/(-1)) - -2. Let o = 30 - r. What is the units digit of o?
1
Let s = 1292 - 578. What is the units digit of s?
4
Let l = -2979 - -3154. What is the units digit of l?
5
Let y = 279 + -228. Let n = 74 - 43. Let v = y - n. What is the units digit of v?
0
Suppose -5*i = -38*g + 35*g - 1537, -3*i = -g - 919. What is the tens digit of i?
0
Suppose -44742 = -26*p + 21116. What is th